uppose 16*v - 13*v - 201 = 0. Let u = -38257 - -38267. What is the remainder when v is divided by u?
7
Calculate the remainder when (6*(0 - -22))/(30*18/3240) is divided by 34.
10
Suppose -5*j + 520 = -5*w, -j - 2*w = -4*j + 316. What is the remainder when j is divided by (-1)/((-8)/(-20)*8/(-32))?
8
Suppose 4*f - 17 = -l + 23, 5*l - 25 = 5*f. Suppose 79 = 3*a - 62. Calculate the remainder when a is divided by l.
11
Let z(w) = -w - 39. Let h(p) = -13. Let m(o) = 11*h(o) - 4*z(o). Calculate the remainder when (-130)/(-2) + -4 + 2 is divided by m(5).
30
What is the remainder when 227 + 1 - (-240)/(-20) is divided by 4?
0
Suppose 12*v = v + 2761. Let f = 284 - v. What is the remainder when 98 is divided by f?
32
Let g be (-1 - 830/(-14)) + (-2)/7. Let a = g + -58. Suppose a = 4*f - 6*f + 8. What is the remainder when f is divided by 3?
1
Let v(w) = 652*w**2 - 5*w + 21. What is the remainder when v(2) is divided by 38?
35
Suppose -2039 - 701 = -18*p - 652. Calculate the remainder when 1042 is divided by p.
114
Let g(n) = 2*n**2 - 92*n + 107. What is the remainder when 49 is divided by g(45)?
15
Let h(c) = -65 - 170 - 34 + 51*c - 56 - 153. Calculate the remainder when h(11) is divided by 22.
17
Let j(f) = 17*f - 20 - f**3 - 1 + 15*f**2 + f. Let i(v) = 2*v**3 - 47*v**2 + 25*v - 30. Let w be i(23). Calculate the remainder when j(w) is divided by 3.
2
Suppose -3*b - 12*b = -135. Calculate the remainder when 71 is divided by (b/27)/(1/117).
32
Suppose -135*m + 100964 = -66841. Calculate the remainder when m is divided by 25.
18
Let w be (-5)/(-385)*11 - 4590/(-14). Suppose w = -32*s + 40*s. What is the remainder when 531 is divided by s?
39
Suppose 31*q = 23 + 535. Suppose 9*s = 4*s + 435. Calculate the remainder when s is divided by q.
15
Let u be (-20)/(-35)*7 + -1. Suppose -f - 73 = -u*x + 214, -3*x - 5*f = -257. Calculate the remainder when x is divided by 19.
18
Let a = -760 - -778. Suppose a*k + 21 = 183. Calculate the remainder when 33 is divided by k.
6
Let a be 4/10 - (-38)/5. Let p be 8/a - (-1)/(-1). Suppose p = -4*q + 5 + 3. What is the remainder when 4 is divided by q?
0
Suppose 3*l - 5*l + 18 = -2*g, 4*l = 2*g + 30. Suppose -4*i + 35 = 15. Suppose f - 29 = -k, 5*f + i + l = k. What is the remainder when k is divided by 9?
8
Suppose 3*t = -2*k - 10, 0*t - 2*t = 2*k + 10. Suppose -12*z + t*z = -3852. Calculate the remainder when z is divided by (-267)/(-5) - (-9)/15.
51
Suppose 0 = 31*r - 79519 - 20704. What is the remainder when r is divided by 5?
3
Suppose -50 = -8*l + 62. Calculate the remainder when 2/((-13)/(-27391)*14) is divided by l.
7
Let t(a) = 17*a**2 - 5*a + 9. Let h be t(2). Suppose -4*d - 151 + 3 = -2*i, 0 = i + 5*d - h. What is the remainder when i is divided by 5?
2
Suppose 9*x - 6 = 12*x. Let k = x + 2. Suppose k = 3*y - 92 + 23. What is the remainder when y is divided by 6?
5
Let t(d) = 8*d**2 + 3. Let y = 30 + -28. Let r = -98 - -202. What is the remainder when r is divided by t(y)?
34
Let t = 29 + 43. What is the remainder when t is divided by 8 - (-274 + 2)/8?
30
Let s(j) = 170*j + 2447. What is the remainder when s(-10) is divided by 220?
87
Calculate the remainder when (-9 + (-510)/(-50))*(49 - -1) is divided by 17.
9
Let v(t) = t**3 + 7*t**2 - 3*t + 42. Calculate the remainder when 102 is divided by v(-7).
39
Let c = -449 - -782. What is the remainder when c is divided by (-34)/(-6)*(12 + 3)?
78
Let u = 6083 + -5977. What is the remainder when 826 is divided by u?
84
Let u(t) = 139*t - 1614. What is the remainder when 107 is divided by u(12)?
53
Suppose 0 = -v + 5*t + 115, -7*v + 3*v + 418 = t. Let d = -173 + 104. Let w = 123 + d. Calculate the remainder when v is divided by w.
51
Let q(z) = -22*z**3 - z**2 - z - 1. Calculate the remainder when (-4)/(-16)*(10 + 138) - -6 - (2 + 8) is divided by q(-1).
12
Let b(z) = 2*z**2 + 4. Suppose 38060 = a + 37744. Calculate the remainder when a is divided by b(-4).
28
Suppose -2*b - 430 - 168 = -5*s, 2*s - 4*b = 252. What is the remainder when s is divided by (1 - -1)/((-12)/(-366))?
57
Let k(z) = -2*z + 64. Let f = -124 + 140. Let q(d) = d**2 + d - 2. What is the remainder when k(f) is divided by q(4)?
14
Let p(s) = 322*s + 1262. Let j be p(-4). Let o be (-15)/(-4) - (-5)/20. Calculate the remainder when o - (-4 + j + -2 + -2) is divided by 8.
6
Let i(x) = 8*x + 228. Suppose 5*t = -3*n - 106, -3*t - 53 = 4*n + 15. Let l = -12 - t. What is the remainder when i(-25) is divided by l?
4
Calculate the remainder when 10350/7 + 32*96/7168 is divided by 16.
7
Let k be 730/(-15) - 4 - (-6)/9. Let f = k + 78. What is the remainder when 117 is divided by f?
13
Let i(r) = -36*r**2 - 6*r + 1. Let l(k) = 36*k**2 + 5*k - 1. Let g(s) = 5*i(s) + 6*l(s). What is the remainder when g(1) is divided by 36/3 + (-2021)/47 + 50?
16
Let f(x) = -9*x - 1. Let u be (0 - 1)*6/2. What is the remainder when 2/(-3)*(-45)/(-60)*-202 is divided by f(u)?
23
Let a = 134 + -64. Let f = -60 + a. Suppose 2*n - 92 = -n + 5*o, 5*n + 4*o - 104 = 0. Calculate the remainder when n is divided by f.
4
Suppose 0 = 4*p - c - 9845, -5 = c - 0. What is the remainder when p is divided by 107?
106
Suppose 8*g - 3*g = -18*g. Suppose g = -15*i + 6*i + 513. What is the remainder when i is divided by 31?
26
Let x = -952 - -956. Let y = -17 - -124. Suppose 3*c = x*m - 132 - y, -m + c = -60. Calculate the remainder when m is divided by 21.
17
Let l(m) = -2*m + 73. Let o be l(30). Let p(a) = -a**2 + 14*a - 12. What is the remainder when 5 is divided by p(o)?
0
Let l = 549 - 359. Suppose 876*m + l = 881*m. What is the remainder when 150 is divided by m?
36
Let k = 1306 - 1442. Let m(c) = -c**2 + c + 1. Let s be m(6). Let x = s - k. Calculate the remainder when x is divided by 27.
26
Suppose 162 = 3*y - 69. Let i = 431 - 229. Let m = i + -192. Calculate the remainder when y is divided by m.
7
Suppose 4*z = 3*z + 2*l + 60, 2*z + l - 115 = 0. Calculate the remainder when (2 + -1)*(z + 1) is divided by 13/(-4 + (-651)/(-140)).
19
Let a(r) = -7*r - 1. Let x be 6/(-10) - (60/25 - 3). Suppose 3*z - 69 = -4*h, -5*h + 85 = 5*z - x*z. Calculate the remainder when a(-4) is divided by h.
9
Let m = 39 + 60. Suppose m = 53*l - 50*l. What is the remainder when l is divided by 28?
5
Calculate the remainder when -846*(-4)/16*6/9 is divided by (-2)/(-4)*44/(-5 + 7).
9
Let q(l) = 56*l - 3506. Calculate the remainder when q(66) is divided by 26.
8
Suppose l + 10 = 2*u, 0 = -5*l + u + u - 18. Let c(s) = -2*s**3 + 6*s**2 + 7*s - 3. Calculate the remainder when c(l) is divided by 12.
11
Suppose -964 + 197 = -3*j - 2*p, 3*j - 5*p - 802 = 0. Calculate the remainder when j is divided by 4/(-22) - (-32736)/363.
79
Let v(d) = 5*d**2 + 26*d - 46. Calculate the remainder when v(14) is divided by 20.
18
Let r(f) = 48*f + 1600. Calculate the remainder when 309 is divided by r(-30).
149
Let w = -117 - -114. What is the remainder when w + 31/11 + 255/11 is divided by 1/(-1)*(-10 + -3)?
10
Suppose 0*w - 1885 = -5*w - 5*l, 3*w - 5*l - 1179 = 0. What is the remainder when w is divided by 34?
9
Let i(w) = -w**3 - 2*w**2 - 4*w - 9. Let a be i(-3). Calculate the remainder when (a - 0)/(920/90 + -10) is divided by 31.
23
Calculate the remainder when 12669 is divided by (55/10)/((-2308)/(-144) - 16).
195
Let v = 914 - 1287. What is the remainder when 419 is divided by (268/(-469))/(v/371 - -1)?
101
Suppose 34 - 14 = 5*y. Suppose -6 = -y*a + 5*k + 35, 45 = 3*a + k. Calculate the remainder when 43 is divided by a.
1
Let u(d) = -21*d**2 - 6*d + 17. Let l be u(3). Calculate the remainder when 3*(1/(-2) - l/12) is divided by 24.
22
Suppose 0 = -k - 2*m + 26, 3*m - 84 = -4*k - m. Suppose -k - 9 = -5*l. What is the remainder when 4*(117/12 + 0) is divided by l?
4
Let p(g) = 2*g**3 - 262*g**2 + 263*g - 344. What is the remainder when p(130) is divided by 1?
0
Suppose 3*a = -2*a + 585. What is the remainder when a is divided by 51/(-4)*(-20)/15 - (56 + -61)?
7
Suppose 2*v + 3*v - 33 = 2*j, 25 = 3*v + 4*j. Calculate the remainder when 541 is divided by v.
2
Let y = 3391 + -3378. Calculate the remainder when 140 is divided by y.
10
Let l be (4/(-6))/(-2) - 2814/(-63). Calculate the remainder when 3 is divided by (l/(-6))/(-3) - 3/(-6).
0
Suppose -4*d - 18 = -5*g + 19, 0 = 3*d - 5*g 